145
In base 3, what is 0 - -222?
222
In base 11, what is -77 - 32a?
-3a6
In base 7, what is -5 - 22?
-30
In base 6, what is -10 + 3?
-3
In base 6, what is 350 + -4?
342
In base 10, what is 5 - -1104?
1109
In base 9, what is 5 - -372?
377
In base 12, what is 7587 - 3?
7584
In base 2, what is -11 + -10?
-101
In base 16, what is -2 + -187?
-189
In base 2, what is -101000111110110 + 100?
-101000111110010
In base 4, what is -33 + -213?
-312
In base 3, what is 2 + -102000?
-101221
In base 3, what is 20 + 212?
1002
In base 10, what is 4 - -14?
18
In base 2, what is -100010000 - 100?
-100010100
In base 6, what is -2 - 2250?
-2252
In base 5, what is -1 - 14?
-20
In base 16, what is 9 - 1d?
-14
In base 15, what is 2d6 - -6?
2dc
In base 5, what is -23 + -10?
-33
In base 2, what is 0 + -1100010?
-1100010
In base 14, what is 3 - -19?
1c
In base 9, what is 276 + 1?
277
In base 15, what is 5 - -29?
2e
In base 8, what is 2111 - 0?
2111
In base 12, what is 2 - -2b?
31
In base 12, what is 6 - 249?
-243
In base 13, what is 825 + -5?
820
In base 10, what is 5 + -503?
-498
In base 9, what is 3 + -22?
-18
In base 5, what is -442 - 0?
-442
In base 15, what is 65 - -1?
66
In base 16, what is 4 + -27?
-23
In base 11, what is -8 + 1?
-7
In base 4, what is -3 + -2331?
-3000
In base 4, what is 3200 + -13?
3121
In base 15, what is 159c + 3?
15a0
In base 5, what is 1 - 42?
-41
In base 12, what is 3 + -4a?
-47
In base 15, what is 73a - 2?
738
In base 2, what is 110 + 100?
1010
In base 7, what is 4 - 1340?
-1333
In base 11, what is 4a69 - 1?
4a68
In base 15, what is 1a0 - -2?
1a2
In base 16, what is -a + 1a?
10
In base 14, what is -1 - 2d?
-30
In base 16, what is b4 - 18?
9c
In base 3, what is 1012 - -1012?
2101
In base 2, what is 1001110 - 111?
1000111
In base 3, what is 100 - -1122110?
1122210
In base 14, what is -175 - 5?
-17a
In base 4, what is -1033 + -322?
-2021
In base 5, what is -301 + 0?
-301
In base 14, what is 15 + 110?
125
In base 7, what is 6 + -10?
-1
In base 9, what is 2 + 155?
157
In base 6, what is -32 - -10?
-22
In base 5, what is -33 + -1002?
-1040
In base 2, what is 11000 + 1?
11001
In base 16, what is 10 + -465?
-455
In base 16, what is 17 - -300?
317
In base 13, what is 5 + 301?
306
In base 16, what is 2 - -23?
25
In base 9, what is -3 - -2163?
2160
In base 13, what is 3 + -285?
-282
In base 8, what is -11 + -447?
-460
In base 16, what is 4 + -7?
-3
In base 10, what is 2035 + 0?
2035
In base 2, what is 1101010100 - -11?
1101010111
In base 4, what is 10 - 20202?
-20132
In base 14, what is 730 - -13?
743
In base 3, what is -10 + -10200?
-10210
In base 15, what is -2a - -2?
-28
In base 12, what is -119ba - -3?
-119b7
In base 11, what is a - 35?
-26
In base 16, what is 26e + 5?
273
In base 7, what is -231 + 5?
-223
In base 14, what is -87a + -4?
-880
In base 12, what is 192 + -3?
18b
In base 13, what is -2 - -127?
125
In base 7, what is 132 - 2?
130
In base 16, what is 15 + 6?
1b
In base 11, what is -12 - -40a?
3a8
In base 5, what is 3 + 120?
123
In base 9, what is 344 - 0?
344
In base 13, what is -2 - 9?
-b
In base 11, what is a81 - -10?
a91
In base 5, what is -3 - -12?
4
In base 9, what is 6 - 42?
-35
In base 8, what is 0 + 235?
235
In base 7, what is 1 + 530?
531
In base 4, what is 102 - -33?
201
In base 8, what is 1177 - 5?
1172
In base 9, what is -1560 - 1?
-1561
In base 6, what is -150 - -4?
-142
In base 10, what is -43 - 35?
-78
In base 10, what is -391 + -4?
-395
In base 6, what is 25033 + 0?
25033
In base 5, what is -4 + 144?
140
In base 11, what is 39 - 116?
-88
In base 6, what is 1153 + -5?
1144
In base 5, what is -11 - 13?
-24
In base 15, what is -1c80 + -1?
-1c81
In base 16, what is 4 - 0?
4
In base 2, what is -1101 - -10010?
101
In base 11, what is 15 + 3?
18
In base 9, what is 380 + -8?
371
In base 7, what is -220 - -4?
-213
In base 3, what is 1012 - 12?
1000
In base 4, what is 11 - -3122?
3133
In base 5, what is 21 - 30023?
-30002
In base 12, what is 0 - 240?
-240
In base 9, what is 1 - -250?
251
In base 15, what is 6 - 40?
-39
In base 12, what is -18 - 10?
-28
In base 15, what is 26 - -31?
57
In base 2, what is -1101100000 - 10100?
-1101110100
In base 10, what is -7 + 715?
708
In base 4, what is 212022 - -3?
212031
In base 12, what is 170 - -4?
174
In base 12, what is -1 + 31?
30
In base 9, what is 61 + -3?
57
In base 2, what is -1 - -111011101101?
111011101100
In base 16, what is 3 - -44?
47
In base 10, what is 2 + -2012?
-2010
In base 6, what is 52 + -15?
33
In base 7, what is 14 + -4?
10
In base 14, what is 2d5 + -5?
2d0
In base 10, what is 37 + -206?
-169
In base 4, what is 20 - 22131?
-22111
In base 11, what is 0 + -4?
-4
In base 10, what is -11 + -5?
-16
In base 4, what is -123 - 13?
-202
In base 9, what is -3 + 324?
321
In base 9, what is -1355 + 1?
-1354
In base 3, what is -2022 + 11?
-2011
In base 13, what is -44 + 62?
1b
In base 2, what is 1101 + 101111110?
110001011
In base 16, what is -5 - 14f?
-154
In base 10, what is -48 + -230?
-278
In base 5, what is 1003 - -1112?
2120
In base 15, what is -8e - -94?
5
In base 10, what is 15 + -5?
10
In base 7, what is 2 + -662?
-660
In base 5, what is -44 + 140?
41
In base 16, what is 16 + 45?
5b
In base 3, what is 2 + 1022111?
1022120
In base 12, what is 1 - 44?
-43
In base 13, what is -542 + 1?
-541
In base 8, what is -12005 - 0?
-12005
In base 2, what is -1111 - -110100100?
110010101
In base 16, what is 2 - -60?
62
In base 8, what is -7 + 17?
10
In base 6, what is 1234 - -1?
1235
In base 12, what is -1 + 97?
96
In base 11, what is 60 + 3?
63
In base 5, what is -320302 - -3?
-320244
In base 7, what is -1532 + 1?
-1531
In base 12, what is 6 - -163?
169
In base 4, what is 11 + -132132?
-132121
In base 9, what is 1806 + 4?
1811
In base 2, what is -101 - 110110?
-111011
In base 10, what is 30 - -1?
31
In base 16, what is -38 - 5?
-3d
In base 13, what is -1 - 2a?
-2b
In base 6, what is 123 + 5?
132
In base 7, what is 162 - -2?
164
In base 16, what is -10 + 5?
-b
In base 12, what is -5 - -30?
27
In base 13, what is -a - 0?
-a
In base 6, what is -132 + 0?
-132
In base 4, what is -1 + -212?
-213
In base 15, what is -33 - 6?
-39
In base 16, what is 16c - 13?
159
In base 15, what is -2 - 512?
-514
In base 9, what is 10437 - -3?
10441
In base 10, what is -3485 + 3?
-3482
In base 6, what is 243435 + -1?
243434
In base 15, what is 4b - 14?
37
In base 8, what is 2 + 1022?
1024
In base 12, what is -34 + 11?
-23
In base 16, what is -4 - fb6?
-fba
In base 9, what is 6645 + -4?
6641
In base 11, what is -4 - -24?
20
In base 14, what is 4 - -994?
998
In base 10, what is 228 + 27?
255
In base 11, what is 2 + -6a6?
-6a4
In base 5, what is 4 - 34?
-30
In base 15, what is 4 + 505?
509
In base 13, what is -1 + 37?
36
In base 8, what is -6 - -411?
403
In base 11, what is 16a24 - 0?
16a24
In base 16, what is ab - 4?
a7
In base 16, what is 25 - -c?
31
In base 3, what is -10 - -21021?
21011
In base 5, what is -1030342 + -4?
-1030401
In base 11, what is -3 + 98?
95
In base 5, what is -2 + -110423?
-110430
In base 7, what is -50 - -54?
4
In base 15, what is -2aec - 5?
-2b02
In base 3, what is 20 + 1122202?
1122222
In base 12, what is -a98 + 7?
-a91
In base 9, what is -2 + 116?
114
In base 13, what is 107a - -4?
1081
In base 13, what is -30 + 1c9?
199
In base 6, what is 10 - -1145?
1155
In base 4, what is 221 - 13?
202
In base 16, what is -9 - -121?
118
In base 10, what is -3 + -2665?
-2668
In base 10, what is -22 - -3?
-19
In base 16, what is -1 + 9d9?
9d8
In base 4, what is -13 + -210?
-223
In base 4, what is 11 - -3033?
3110
In base 4, what is -3121 - 230?
-10011
In base 15, what is 7b - 1d?
5d
In base 11, what is 15 + 28?
42
In base 8, what is 0 + -12?
-12
In base 12, what is 14 + 43?
57
In base 2, what is -1 - -1111000?
1110111
In base 6, what is -5 - 420?
-425
In base 4, what is 3 + 1?
10
In base 8, what is -2 + 134?
132
In base 5, what is -1 + 222?
221
In base 7, what is 340 + 0?
340
In base 13, what is -3 + -10?
-13
In base 6, what is -5 - 2335?
-2344
In base 5, what is 31 - -334?
420
In base 4, what is -13 - -1202?
1123
In base 16, what is 0 - 3f5?
-3f5
In base 7, what is 3 + -251?
-245
In base 15, what is -116 + 15?
-101
In base 11, what is 2 - -2326?
2328
In base 7, what is -21 + -613?
-634
In base 9, wha